at is the units digit of l?
4
Suppose 2*w = -3*w + 70. Suppose -w = 4*d + 46. What is the tens digit of ((-3)/2)/(d/530)?
5
Let m = 426 - 422. Suppose -2*p - m*g + 1352 = 0, 3*g = 5*p - 0*p - 3393. What is the hundreds digit of p?
6
Suppose 4*f + f = -2*r + 42, 3*r - 27 = -3*f. Suppose 4*z + 0*z = f. Suppose z*v - v - 32 = 0. What is the units digit of v?
2
Let d be (-9 - -4)*(-2)/5. Let i be d - (-100)/(-45) - (-8554)/18. Suppose 3*q = -z + 292, -5*q - z = 3*z - i. What is the units digit of q?
9
Let y(h) = h**3 + 3*h**2 - h + 5. Let l be y(-5). Let r = l - -51. Let x(c) = 3*c + 35. What is the units digit of x(r)?
8
Let x = -61 - -59. Let i be x*28 - 3/1. What is the units digit of (-5 - i)*(-2 - -3)?
4
Let p be 4/(-18) + (-724)/(-18). Suppose 26 = 17*a - 42. Suppose c = -a*c + p. What is the units digit of c?
8
Suppose 34*n = 47*n - 4680. Let m = 57 + n. What is the hundreds digit of m?
4
Let j = 327 + -324. What is the hundreds digit of (2/j)/((-13)/(-12090))?
6
What is the thousands digit of ((-4)/(-6))/(11511994/(-575601) - -20)?
4
Let i(h) = -h**3 - 15*h**2 + 15*h + 21. Let b be i(-16). Let t(d) = 7*d**3 + d**2 + 3*d - 1. Let l be t(2). Let u = l - b. What is the units digit of u?
8
Let q = -10365 - -16407. What is the thousands digit of q?
6
Let i(o) = -o**2 + o + 1. Let f(a) = -2*a**3 + 30*a**2 - 13*a - 10. Let p(x) = f(x) - 3*i(x). What is the tens digit of p(15)?
2
Let q = -50 + 49. What is the units digit of (-5130)/(-34) - q/((-17)/(-2))?
1
Suppose -17293 = -5*n + 4*w + 12398, 0 = 3*w + 12. What is the hundreds digit of n?
9
Suppose -280*n - 5*h - 41690 = -282*n, -5*h - 30 = 0. What is the units digit of n?
0
Let n be (-4507 - 11)/(-6) - (-4 + -1). Suppose 239 = -3*z + n. What is the tens digit of z?
7
Let b(y) = y**3 - 10*y**2 + 122. Let t be b(15). Let p = t - 503. What is the units digit of p?
4
Let l = -613 - -619. What is the hundreds digit of (l/(12/(-2)))/(3/(-630))?
2
Let n be -1*99*(1486/(-6) - 4). Suppose -6*y = -y - n. What is the tens digit of y/(-22)*5/(15/(-2))?
5
Let z be (-4)/6 - (19670/(-21))/10. Let g = -33 - z. Let p = 224 + g. What is the units digit of p?
8
Let k be 6/39 + 8/(-52). Suppose 5 = -x + 3*z, 2*x + k*x - z = 0. Suppose -3*b = -5*g + 2, 2*g - 2*b - b = -x. What is the units digit of g?
1
Suppose -9*z + 40 = -z. What is the units digit of (-141)/(-6)*(z + -1)?
4
Let i(h) = -h**3 + 49*h**2 + 14*h + 249. What is the tens digit of i(38)?
6
Suppose 21*o - 14*o = -49. What is the tens digit of 4 + o/(14/(-1062))?
3
Suppose 28 = 41*q - 34*q. Suppose -m = 4*y + 2*m - 1461, 1468 = q*y - 4*m. What is the units digit of y?
6
Suppose 10 = 3*j - j. Suppose 5 = j*r + 55. What is the tens digit of 2 - (-2 - -2) - (-121 - r)?
1
Suppose 0 = -5*s + 12 + 3, s = -4*d - 57. Let q be (-3 - -78)/5*6/d. What is the units digit of (-489)/q - (36/(-8) + 4)?
2
Let w(x) = 5*x**3 - 3*x**2 + 11*x + 93. What is the units digit of w(10)?
3
Let j be ((-4)/(-12))/(0 + (-5)/(-75)). Suppose -3*l = -j*n - 94, l - 60 = -l + 2*n. What is the units digit of l?
8
Let j = 1195 + -665. Suppose 0*s = -5*s - 2*g + 533, 5*s + 5*g - j = 0. What is the tens digit of s?
0
Suppose -602*i + 4*s - 10244 = -604*i, 20515 = 4*i - s. What is the hundreds digit of i?
1
What is the units digit of (172464/(-36))/((-12)/18)?
6
Let o be ((-4)/6)/(12/(-72)). Suppose -f + o = 4. Suppose f = 4*k, 5*p = -3*k + 4*k + 240. What is the units digit of p?
8
Let b = -32658 - -55185. What is the tens digit of b?
2
Let o = 623 + -551. Suppose 81*x = o*x + 1845. What is the hundreds digit of x?
2
Suppose 341*s = 1181815 + 1263757 - 165305. What is the units digit of s?
7
Let a = -14343 - -21252. What is the units digit of a?
9
Let n(v) = -12*v - 107. Let g be n(9). What is the tens digit of ((-376)/5 - 1)/(43/g)?
8
Suppose 0 = -40*i + 29*i + 89782. Suppose 0 = 21*d - 32*d + i. What is the units digit of d?
2
Let p(k) = -514*k - 437. What is the tens digit of p(-13)?
4
Let u be -5*(3 + -8 - -2). Suppose 0 = -u*y + 11*y + 12. Suppose -y*m + 534 = 4*t - 161, 2*t - 346 = -2*m. What is the hundreds digit of t?
1
Let y = -190 + 196. Suppose -3*c + 541 = 4*v, 2*c = y*c - 5*v - 711. What is the tens digit of c?
7
Suppose -3*b = 4*j - 1471, -1 = -4*j - 21. Suppose -2*z + 1290 = 5*l, -4*z + b = 2*l - 7*z. What is the units digit of l?
6
Suppose -31*z = -k - 35*z + 4186, -4159 = -k + 5*z. What is the thousands digit of k?
4
Let p = 875 + 55. Suppose 2*y = 8*y - p. Suppose y = 3*z - 235. What is the units digit of z?
0
Let o be 8/(-36) + 116/36. Let h be 2/2*3/o - -2. What is the units digit of ((-9)/6)/(h/(-40))?
0
Let j = 30900 - -21293. What is the thousands digit of j?
2
Suppose w + 62 = -80. Let i = 717 - 786. Let x = i - w. What is the units digit of x?
3
Suppose 0 = 2*b - b - 370. Let h be b/12 + 2/12. Suppose -2*n + 33 = -h. What is the units digit of n?
2
What is the tens digit of 279/8*2*(-14)/(-21)*1004?
8
Let b(h) = -1320*h + 1350. What is the thousands digit of b(-5)?
7
Suppose 3 = 2*w + 5*z, 2*w - 2*z = -0*z + 10. Suppose -w*a + 474 = -3*a. Suppose -47*s - a = -49*s. What is the units digit of s?
7
Let m(r) = 40*r**2 + 10*r + 41. Let a be m(-11). Let f = -3018 + a. What is the units digit of f?
3
Suppose -2*z = -2*f + 600, 0 = -3*z + 4*z - 1. Let t = f + -173. What is the units digit of t?
8
Let b(m) = -m**3 + 5*m**2 - m - 15. Let r be b(4). What is the hundreds digit of 14*(2 + 6) - r?
1
Let q(f) = 1735*f - 3392. What is the thousands digit of q(22)?
4
What is the tens digit of ((-2)/(-4))/((-59)/(-4752804))?
7
Let v = -1658 + 2539. Suppose 4*o = 3*u + v, -2*o + 10*u - 5*u + 437 = 0. What is the units digit of o?
1
Let g = -8335 + 12577. What is the tens digit of g?
4
Let a(d) be the third derivative of -2*d**3 + d**2 + 1/8*d**4 + 0*d + 1/60*d**5 + 0. What is the units digit of a(5)?
8
Let y(m) = m**3 + 17*m**2 - 13*m + 116. What is the hundreds digit of y(12)?
1
Suppose -2*a - 3 = -13. Suppose -4*w + 45 = a*w. Suppose -w = -d + 6. What is the units digit of d?
1
Suppose -5*g + 3540 = 5*l, 5*l - 1394 = -3*g + 2140. Suppose 66 + l = 3*b. What is the tens digit of b?
5
Suppose -3*f - 2*n + 5 + 8 = 0, 0 = -3*f + 5*n + 41. Suppose 0*p = -f*p + 28. Suppose -5*m + 18 = 2*w - 307, -p*m - w = -260. What is the units digit of m?
5
Suppose -19 = 11*s + 3. Let u be s/(-14) - 44/14. What is the tens digit of (-170)/u + 4/(-6)?
5
Let w(o) = -17*o - 112. Let j be w(-22). Suppose -2*s + 186 = -j. What is the units digit of s?
4
Let m(i) = -2*i**3 - 42*i**2 - 556*i + 40. What is the tens digit of m(-13)?
6
Let z(k) = -4*k + 85. Let q be z(20). Suppose q*f - 5*w = -0*w + 1640, -5*f = -3*w - 1644. What is the hundreds digit of f?
3
Let v(l) = 28114*l**2 + 5*l - 5. What is the ten thousands digit of v(1)?
2
Let t(m) = -m + 3. Let w(v) = 267*v + 7. Let r(n) = 3*t(n) + w(n). What is the thousands digit of r(4)?
1
Suppose 4*j = -2*n - 458, n - j + 0*j + 217 = 0. Let s = -105 - n. What is the hundreds digit of s?
1
Let l = -9217 + 18338. Suppose -19*d + l = -5604. What is the units digit of d?
5
Let o = 860 - 2837. Let k = -1406 - o. What is the hundreds digit of k?
5
Let b(p) = 3*p - 67. Let t be b(-19). Let d = t + 16. Let y = -34 - d. What is the units digit of y?
4
Suppose -5*l = -3*c - 45, 3*c = l + 17 - 38. Let h(v) be the first derivative of -v**4/4 - v**3 - 11*v**2/2 - 5*v - 1. What is the hundreds digit of h(c)?
1
Let t = -73 + 83. Suppose -2*v - 12*c = -t*c - 738, -5*v + 1800 = -4*c. Suppose -6*f + v = 94. What is the units digit of f?
5
Suppose 4*v = 3*o - 25, 2*v + 0 - 12 = -2*o. Suppose -2*r + d + d = -8, r - o = 4*d. Suppose 276 = 3*x - r*i, -i + 75 = -2*x + 257. What is the tens digit of x?
9
What is the hundreds digit of 121528/22 + (-25)/5?
5
Let t(s) be the second derivative of 43*s**3/6 - 2*s**2 - 12*s. Let d be t(-6). Let k = -140 - d. What is the tens digit of k?
2
Suppose 16*c - 19184 = 12*c. Let d = -3344 + c. What is the units digit of d?
2
Suppose -n + 3*o = 29, -o + 0*o + 79 = -3*n. Let f(t) be the first derivative of t**4/4 + 26*t**3/3 - 2*t**2 + 31*t + 38. What is the units digit of f(n)?
5
Suppose -3*l + 25649 - 2810 = 3*w, 4*l = 3*w + 30445. What is the thousands digit of l?
7
Let r(o) = 3*o**2 + 5*o + 8. Suppose -14*h = -13*h. Suppose 8*c - 5*c + 15 = h. Wh